{"id":1893,"date":"2024-12-11T17:13:56","date_gmt":"2024-12-11T17:13:56","guid":{"rendered":"https:\/\/jmpsport.com\/?post_type=product&#038;p=1893"},"modified":"2025-02-11T18:00:04","modified_gmt":"2025-02-11T18:00:04","slug":"sistema-polysport","status":"publish","type":"product","link":"https:\/\/jmpsport.com\/?product=sistema-polysport","title":{"rendered":"SISTEMA POLYSPORT"},"content":{"rendered":"","protected":false},"excerpt":{"rendered":"<p>Solu\u00e7\u00e3o ideal para atividades multidesportivas. Resistente \u00e0 abras\u00e3o, imtemp\u00e9ries, n\u00e3o requerendo qualquer manuten\u00e7\u00e3o.<\/p>\n","protected":false},"featured_media":1894,"comment_status":"open","ping_status":"closed","template":"","meta":[],"product_brand":[],"product_cat":[34,38],"product_tag":[],"class_list":{"0":"post-1893","1":"product","2":"type-product","3":"status-publish","4":"has-post-thumbnail","6":"product_cat-pavimentos","7":"product_cat-resina-acrilica","9":"first","10":"instock","11":"shipping-taxable","12":"product-type-simple"},"_links":{"self":[{"href":"https:\/\/jmpsport.com\/index.php?rest_route=\/wp\/v2\/product\/1893","targetHints":{"allow":["GET"]}}],"collection":[{"href":"https:\/\/jmpsport.com\/index.php?rest_route=\/wp\/v2\/product"}],"about":[{"href":"https:\/\/jmpsport.com\/index.php?rest_route=\/wp\/v2\/types\/product"}],"replies":[{"embeddable":true,"href":"https:\/\/jmpsport.com\/index.php?rest_route=%2Fwp%2Fv2%2Fcomments&post=1893"}],"wp:featuredmedia":[{"embeddable":true,"href":"https:\/\/jmpsport.com\/index.php?rest_route=\/wp\/v2\/media\/1894"}],"wp:attachment":[{"href":"https:\/\/jmpsport.com\/index.php?rest_route=%2Fwp%2Fv2%2Fmedia&parent=1893"}],"wp:term":[{"taxonomy":"product_brand","embeddable":true,"href":"https:\/\/jmpsport.com\/index.php?rest_route=%2Fwp%2Fv2%2Fproduct_brand&post=1893"},{"taxonomy":"product_cat","embeddable":true,"href":"https:\/\/jmpsport.com\/index.php?rest_route=%2Fwp%2Fv2%2Fproduct_cat&post=1893"},{"taxonomy":"product_tag","embeddable":true,"href":"https:\/\/jmpsport.com\/index.php?rest_route=%2Fwp%2Fv2%2Fproduct_tag&post=1893"}],"curies":[{"name":"wp","href":"https:\/\/api.w.org\/{rel}","templated":true}]}}